et y(h) = 36933*h - 992. Is y(7) prime?
True
Let u(i) = -i + 1. Let x be u(2). Let a(r) = 447*r - 15. Let b(d) = -672*d + 25. Let m(f) = -8*a(f) - 5*b(f). Is m(x) a composite number?
False
Suppose -119*l - 5775067 = -28053176. Is l a prime number?
True
Suppose -r + p = 3*p - 15, 0 = 3*r + 2*p - 25. Suppose -2*q = -r*q + 5622. Is q prime?
False
Is (319/33)/(7/6951) composite?
True
Suppose -280409 = -5*a - m, 3*a = -4*m + 134873 + 33386. Is a a prime number?
True
Let x = -663 - -672. Suppose x*f = -3889 + 15184. Is f composite?
True
Suppose 0*j + j = -5*o - 13, o + 4 = 0. Suppose j*y + 6 = 10*y. Suppose -2*v + 48 = 2*v + 4*c, v - 21 = y*c. Is v composite?
True
Is (-4 + 49338/(-27))*3/(-2) a composite number?
True
Suppose 15 = 3*t, -l = -6*l + 2*t + 1375. Suppose 5*w - l = -p + 1040, -3*p = -5*w - 3991. Is p a prime number?
True
Let c(f) = -f**3 - 21*f**2 - 3*f - 25. Suppose -5 + 39 = -2*i. Let z be c(i). Let g = -687 - z. Is g a prime number?
True
Let f(x) = 22*x - 195. Let r be f(9). Let w be 0 + (1 - 1) - -4407. Suppose -r*t + w = 390. Is t prime?
False
Is 484 - ((-2)/6)/(4/12) a composite number?
True
Let q = 403 - 406. Let r(v) be the first derivative of -499*v**2 - 3*v + 1. Is r(q) prime?
False
Let s(o) = o**2 + 22*o - 70. Let j be s(-25). Let c(y) = 2*y**3 + 4*y**2 + y - 2. Is c(j) a composite number?
False
Is -28 + 4414579/78 - (2 + (-22)/12) a prime number?
True
Suppose -b = -117 + 125, 6*p = -4*b + 882622. Is p prime?
False
Suppose -2*g - 4*g = -g. Let q be 52983/84 + 2/8 + g. Suppose -11*h + 10*h + q = 0. Is h prime?
True
Suppose -3*a - 2*s + 1 = 5, 0 = -5*s - 25. Suppose -7*n - 24250 = -a*n. Is ((-6)/(-10))/((-10)/n) prime?
False
Suppose -348 + 268 = -5*s. Suppose 24*y = s*y + 93320. Is y composite?
True
Let p = 237446 + -159903. Is p a prime number?
True
Is (3/3)/((-2)/8 + 321629/1286404) composite?
False
Suppose -2*c - 1723762 = -2*s - 5511352, -4*c - 5*s = -7575216. Is c prime?
True
Let g(h) = 2*h**3 + 10*h**2 - 5*h - 38. Let q be g(-5). Is (-1 + 1734)*(-12 - q) a prime number?
True
Suppose -323*z + 635*z = 316*z - 4. Suppose -4*r + r + 4*j - 16 = 0, -3*j = -r - 7. Is 1471*(z - (r + 3) - 1) composite?
False
Suppose 5*j - 2*l + 543199 - 3052690 = 0, 4*l + 1505717 = 3*j. Is j composite?
True
Let w(c) = 159*c**3 + 3*c**2 - 2*c + 2. Let o be w(-3). Is (o/4)/(19/(-38)) a prime number?
True
Let a(m) = 2266*m**3 - 9*m**2 + 16*m - 26. Is a(5) a prime number?
True
Let c(p) = -3*p**3 - 104*p**2 - 243*p - 71. Is c(-33) a prime number?
True
Let m(d) = 6093*d + 1550. Is m(47) composite?
False
Let r = -54 - -88. Suppose -r*f = -16*f - 46458. Is f prime?
False
Suppose -3*g = 3*d - 33789, -2*g - 5*d = -31573 + 9041. Let s = -21964 + g. Let r = s - -18198. Is r a prime number?
False
Let p be (((-13146)/(-7))/6)/1. Suppose -p*x = -318*x + 3755. Is x a prime number?
True
Suppose -3*g = -45 + 33. Is (10832/64)/(1/g) prime?
True
Suppose -3039 - 2337 = -4*p. Suppose 3*g = 11*g - p. Let w = g - 71. Is w a prime number?
True
Is 17 - 18 - -6846 - 4 a composite number?
False
Suppose 7*y - 3*y = -16. Let d be (1095/y)/(18/(-144)). Let i = -1181 + d. Is i a prime number?
True
Suppose 14 = 4*m - 3*g - 3, -7 = m - 3*g. Let o(x) = 63*x**2 - 11*x + 63. Is o(m) prime?
True
Suppose 2*z - 18 = z. Let o(i) = 21*i + 44. Let x be o(z). Suppose 8*w = 7*w + x. Is w a composite number?
True
Let h(y) = -60*y**3 + 16*y**2 + 83*y - 109. Is h(-18) composite?
False
Suppose 2 - 9 = -h. Let t be (h - 7)*1/(-2). Suppose t = -11*x + 7*x + 996. Is x composite?
True
Is -5*(-6 - 2146605/75) a composite number?
False
Let y be -1 - (8 - 6 - -37). Suppose 0 = -3*m - 15 + 3. Is 3 + y/m + 1 composite?
True
Suppose -7*m + 10464 = -4*m. Suppose -3*q - 5241 = 3*h, 0 = -2*q - 0*h + h - m. Let b = -304 - q. Is b composite?
True
Suppose 2*l = 15 - 5. Suppose -9*i + l*i = 3*z - 6551, 0 = -3*i + 3*z + 4908. Is i a prime number?
True
Let t(x) = -x**3 - 2*x**2 - 8. Let y be t(-4). Suppose -4*o = 4*n + 56, 2*n + 3*o + y = -7. Is (197/3)/(n/(-231)) a composite number?
True
Suppose 3*h = 2*h + 1042. Suppose 5*z + h = 4082. Let k = z - 165. Is k a composite number?
False
Let x(n) = 877*n + 6. Let y(j) = -7*j**2 - 2*j + 6. Let w(q) = 15*q**2 + 3*q - 13. Let r(h) = -2*w(h) - 5*y(h). Let o be r(1). Is x(o) composite?
False
Let f = 1238314 - -259089. Is f a composite number?
True
Let y(h) = h**3 - 31*h**2 - 7*h - 1. Let b be y(26). Let l = -2482 - b. Is l a prime number?
False
Is (-1925)/(-110)*223064/20 a prime number?
False
Let h(s) = -639*s**3 - 2*s**2 - s + 3. Let n be h(-3). Let o = n - 11362. Is o composite?
False
Let v(n) = 461*n**2 - n + 1. Suppose 9*y - 27 = -9. Is v(y) prime?
False
Is 2172 - (-9)/(-72)*104 a prime number?
False
Suppose 8*k + 5 = 37. Let o(b) = 3*b**2 - 10*b + 11. Let c be o(k). Suppose -c*x + 14*x + 1955 = 0. Is x a composite number?
True
Is 11/2*3/(-2*24/(-18976)) a prime number?
False
Let i(j) = j**3 - 3*j**2 + 6*j - 8. Let k be 8/5 - (-10)/25. Let g be i(k). Suppose -4*h - 2*o = -1633 - 1169, 3*h - o - 2104 = g. Is h composite?
False
Is 6*((-19596577)/78)/(-11) composite?
True
Suppose 0 = 5*r - 19*r. Suppose r = -5*p - 51 - 4169. Is ((-7)/(-14))/((-2)/p) a composite number?
False
Suppose 5*c - c = -5*f + 3974825, -3*c - 3179860 = -4*f. Is f a prime number?
False
Suppose 4*y - 3982 = -5*r, 2*y + 9*r = 13*r + 2004. Is y/(6 - 80/15) a composite number?
True
Suppose -3 = -b + w, -3*w = 3*b + 2 - 5. Let d(j) = j**2 + 1. Let k be d(b). Is k*(0 + 137 - 0) a composite number?
True
Suppose -2*k - 143191 = f - 375808, -3*k + 1163071 = 5*f. Is f a composite number?
True
Is (74/14 + -5)/((-5)/(1921990/(-4))) a composite number?
False
Let v(f) = -f**3 + 15*f**2 - 2*f + 49. Let q be v(15). Suppose q*j = 11067 + 15134. Is j a prime number?
False
Let x(d) = -298*d - 890*d - 83*d + 9 - 486*d. Let p(j) = -2636*j + 13. Let f(y) = -5*p(y) + 8*x(y). Is f(-2) a composite number?
False
Suppose -176 = -6*p + 2*p. Let v = 53 - p. Suppose -v*f - 44 = -377. Is f a prime number?
True
Let v be 10/4*(-3436)/5. Let p = -219 - v. Is p prime?
True
Let b(x) = -2*x - 28. Let f be b(-6). Let y(z) = -18*z - 19. Let v be y(f). Suppose -c + 6*c - 4*h - v = 0, 210 = 4*c + 2*h. Is c prime?
True
Let k = 288879 - 133850. Is k prime?
False
Suppose -9*u = -3*c - 5*u - 7992, -3*u = 2*c + 5311. Let l = c + 3851. Is l a prime number?
False
Let y(d) = -11 - 17*d**2 + 10*d**2 + 3*d + 6*d**2 + 42*d**3. Is y(9) a composite number?
False
Let a(h) = 5657*h - 2073. Is a(4) a prime number?
False
Suppose -5*j + 21 = 1. Suppose 4*x - 2*y + 618 = -910, j*x = -4*y - 1516. Let v = x + 698. Is v composite?
False
Let d = 58 + -7. Let s = d - 49. Let f = s + 29. Is f composite?
False
Let d(l) = -8 + 48*l**2 - 50*l**2 + 35*l**2 - 6*l. Is d(-3) a composite number?
False
Let j(s) = 215*s + 105*s - 33*s + 13 + 133*s. Suppose 0 = 4*k - 2 - 6. Is j(k) prime?
True
Suppose 406405 = 5*r + 2*h, -4*r - 2*h - 325124 = -8*r. Is r a composite number?
False
Let t(k) = -2*k - 3. Let l be t(-3). Suppose -9 = -l*q + 6. Suppose 0 = -12*y + q*y + 8813. Is y composite?
False
Suppose 0 = -3*k - 1297 + 4567. Let p = k - 3575. Let u = -536 - p. Is u a composite number?
False
Let b(y) = -421*y**3 + 98*y**2 + 629*y - 1. Is b(-6) a prime number?
False
Suppose -2*m - 5*r = -104321, 1776*r + 3 = 1773*r. Is m a prime number?
True
Suppose 53058 = 3*s + 3*a, -2*s - 2*a = -7*s + 88437. Is s prime?
False
Let c(v) = -7*v**2 + 32*v**2 - 14*v**2 - 3*v**2 - 31 + 21*v. Is c(-18) a prime number?
False
Let a(b) = b**3 + 15*b**2 + 15*b + 9. Let v be a(-14). Let x(l) = 54*l**2 - 19*l**2 + 5*l - 2 - 9. Is x(v) composite?
False
Suppose 156187 = -4*t - 3*d + 544773, 2*d = 4*t - 388616. Is t a composite number?
False
Let s be (-4)/(-6)*15/(-10). Let m be (-9 - s)*(-16 + 15). Suppose -633 = -m*k + 5*k. Is k composite?
False
Let b(x) = -114*x + 193. Let j = 106 + -115. Is b(j) composite?
True
Let h(i) = -4*i**2 + 31*i - 226. Let k(l) = -29*l + 227. Let g(y) = -4*h(y) - 3*k(y). Is g(18) prime?
False
Let i(j) = -3*j**2 + 34*j - 66. Let z(h) = -2*h**2 + 23*h - 44. Let o(t) = -5*i(t) + 7*z(t). Let n be o(6). Is (2/3)/((-1)/((-582)/n)) a prime number?
True
Let g(t) be the first derivative of 131*t**2/2 + 8*t + 11. Suppose 18*s - 234 = -0*s. Is g(s) a prime number?
False
Let y = -2356 - -